{"id":3189,"date":"2024-11-14T08:08:58","date_gmt":"2024-11-14T08:08:58","guid":{"rendered":"https:\/\/agence-permis.com\/?post_type=product&#038;p=3189"},"modified":"2024-11-19T20:36:06","modified_gmt":"2024-11-19T20:36:06","slug":"pack-test-psychotechnique-simple","status":"publish","type":"product","link":"https:\/\/permis.sbfv.org.au\/index.php\/product\/pack-test-psychotechnique-simple\/","title":{"rendered":"PACK TEST PSYCHOTECHNIQUE SIMPLE"},"content":{"rendered":"<ul id=\"1\" class=\"arp_opt_options arppricingtablebodyoptions\">\n<li id=\"arp_column_0_row_0\" class=\" arp_odd_row arptemplate_2_column_0_row_0\"><span class=\"row_description_first_step arp_row_description_text toggle_step_first\" data-isblank=\"\" data-tipso=\"\">Vous \u00eates en qu\u00eate de r\u00e9cup\u00e9rer votre permis de conduire ? Notre test psychotechnique est la solution id\u00e9ale pour \u00e9valuer vos capacit\u00e9s et vous pr\u00e9parer efficacement \u00e0 l&#8217;examen. Con\u00e7u par des experts, ce test vous permettra d&#8217;identifier vos axes d&#8217;am\u00e9lioration, tout en vous familiarisant avec les attentes des examinateurs. Investissez dans votre avenir et mettez toutes les chances de votre c\u00f4t\u00e9 pour r\u00e9cup\u00e9rer votre permis de conduire !<\/span><\/li>\n<\/ul>\n","protected":false},"excerpt":{"rendered":"<p>Test psychotechnique simple<\/p>\n","protected":false},"featured_media":0,"comment_status":"open","ping_status":"closed","template":"","meta":{"_acf_changed":false},"product_cat":[15],"product_tag":[],"class_list":{"0":"post-3189","1":"product","2":"type-product","3":"status-publish","5":"product_cat-uncategorized","7":"first","8":"instock","9":"sale","10":"virtual","11":"purchasable","12":"product-type-simple"},"acf":[],"_links":{"self":[{"href":"https:\/\/permis.sbfv.org.au\/index.php\/wp-json\/wp\/v2\/product\/3189","targetHints":{"allow":["GET"]}}],"collection":[{"href":"https:\/\/permis.sbfv.org.au\/index.php\/wp-json\/wp\/v2\/product"}],"about":[{"href":"https:\/\/permis.sbfv.org.au\/index.php\/wp-json\/wp\/v2\/types\/product"}],"replies":[{"embeddable":true,"href":"https:\/\/permis.sbfv.org.au\/index.php\/wp-json\/wp\/v2\/comments?post=3189"}],"wp:attachment":[{"href":"https:\/\/permis.sbfv.org.au\/index.php\/wp-json\/wp\/v2\/media?parent=3189"}],"wp:term":[{"taxonomy":"product_cat","embeddable":true,"href":"https:\/\/permis.sbfv.org.au\/index.php\/wp-json\/wp\/v2\/product_cat?post=3189"},{"taxonomy":"product_tag","embeddable":true,"href":"https:\/\/permis.sbfv.org.au\/index.php\/wp-json\/wp\/v2\/product_tag?post=3189"}],"curies":[{"name":"wp","href":"https:\/\/api.w.org\/{rel}","templated":true}]}}